nd 63?
21
Calculate the greatest common divisor of 61 and 5.
1
Calculate the greatest common factor of 23 and 13.
1
What is the greatest common divisor of 24930 and 90?
90
Calculate the greatest common factor of 1863 and 69.
69
Calculate the greatest common divisor of 452 and 8.
4
Calculate the greatest common divisor of 912 and 380.
76
What is the greatest common factor of 6 and 246?
6
Calculate the highest common factor of 10 and 450.
10
What is the greatest common divisor of 2 and 19?
1
Calculate the highest common divisor of 36 and 180.
36
Calculate the highest common divisor of 21 and 525.
21
Calculate the highest common divisor of 448 and 48.
16
Calculate the greatest common divisor of 46 and 2300.
46
What is the greatest common divisor of 12 and 108?
12
Calculate the greatest common factor of 11 and 1903.
11
Calculate the highest common factor of 1147 and 37.
37
Calculate the greatest common factor of 20299 and 53.
53
What is the greatest common divisor of 25 and 190?
5
Calculate the greatest common factor of 1518 and 1794.
138
What is the highest common factor of 222 and 12?
6
What is the greatest common factor of 45 and 645?
15
What is the highest common factor of 217 and 189?
7
Calculate the highest common divisor of 6812 and 52.
52
What is the highest common factor of 7 and 581?
7
What is the highest common divisor of 1589 and 7?
7
What is the highest common factor of 343 and 7?
7
Calculate the greatest common divisor of 78 and 40638.
78
Calculate the greatest common factor of 63 and 72.
9
Calculate the greatest common divisor of 17667 and 234.
117
Calculate the highest common divisor of 42 and 1750.
14
What is the greatest common divisor of 4927 and 3032?
379
What is the highest common divisor of 40 and 710?
10
Calculate the greatest common factor of 3636 and 84.
12
What is the greatest common factor of 73 and 124246?
73
What is the greatest common divisor of 728 and 208?
104
What is the highest common factor of 705 and 282?
141
What is the greatest common divisor of 124 and 217?
31
What is the greatest common factor of 9 and 4?
1
What is the highest common divisor of 48 and 264?
24
Calculate the greatest common factor of 58 and 870.
58
What is the highest common factor of 146 and 365?
73
What is the greatest common divisor of 982 and 4?
2
Calculate the highest common factor of 2397 and 17.
17
What is the greatest common divisor of 163 and 1?
1
What is the highest common factor of 1586 and 26?
26
Calculate the highest common factor of 6 and 312.
6
Calculate the greatest common divisor of 9828 and 78.
78
Calculate the greatest common factor of 520 and 280.
40
What is the highest common factor of 99 and 44?
11
What is the greatest common divisor of 2 and 3?
1
What is the highest common factor of 18 and 1017?
9
What is the greatest common divisor of 31 and 930?
31
What is the highest common divisor of 324 and 24?
12
What is the greatest common divisor of 93 and 2201?
31
Calculate the highest common divisor of 486 and 54.
54
What is the highest common divisor of 4 and 82?
2
What is the greatest common factor of 28 and 320?
4
What is the greatest common factor of 836 and 198?
22
Calculate the highest common factor of 19 and 2603.
19
What is the highest common divisor of 114 and 4047?
57
Calculate the greatest common factor of 424 and 2067.
53
What is the highest common divisor of 9 and 2853?
9
Calculate the greatest common factor of 60 and 140.
20
Calculate the greatest common factor of 20 and 70.
10
What is the highest common divisor of 1155 and 70?
35
Calculate the highest common factor of 8547 and 297.
33
What is the highest common divisor of 2683 and 2?
1
What is the highest common factor of 444 and 84?
12
What is the highest common factor of 4 and 20?
4
What is the highest common factor of 110 and 30?
10
What is the highest common factor of 5565 and 105?
105
What is the highest common divisor of 115 and 1955?
115
What is the greatest common divisor of 109 and 17440?
109
Calculate the greatest common divisor of 5538 and 1326.
78
Calculate the highest common divisor of 12822 and 6.
6
Calculate the greatest common divisor of 80 and 90.
10
What is the highest common factor of 4 and 8?
4
Calculate the highest common divisor of 16 and 22.
2
Calculate the greatest common divisor of 16 and 352.
16
Calculate the greatest common factor of 610 and 2806.
122
Calculate the greatest common divisor of 48994 and 524.
262
Calculate the highest common divisor of 904 and 136.
8
What is the greatest common factor of 480 and 900?
60
What is the greatest common divisor of 2338 and 14?
14
What is the greatest common factor of 128 and 48?
16
Calculate the highest common factor of 32538 and 33.
33
Calculate the greatest common divisor of 148 and 4.
4
What is the highest common divisor of 770 and 70?
70
What is the highest common factor of 24674 and 52?
26
Calculate the greatest common divisor of 216 and 270.
54
Calculate the highest common divisor of 21 and 1043.
7
What is the greatest common factor of 144 and 27?
9
What is the highest common divisor of 149 and 8791?
149
Calculate the highest common divisor of 22 and 198.
22
Calculate the highest common factor of 78 and 31278.
78
Calculate the highest common divisor of 68 and 4301.
17
What is the greatest common divisor of 7 and 251?
1
What is the highest common factor of 540 and 60?
60
Calculate the greatest common factor of 266 and 70.
14
Calculate the greatest common divisor of 325 and 7670.
65
Calculate the highest common factor of 429 and 9.
3
Calculate the highest common factor of 86 and 2.
2
What is the highest common factor of 8 and 3?
1
What is the greatest common divisor of 1290 and 150?
30
Calculate the greatest common factor of 231 and 39.
3
What is the greatest common divisor of 8 and 14?
2
What is the greatest common factor of 16 and 34064?
16
What is the highest common factor of 93 and 8122?
31
What is the greatest common divisor of 21 and 6?
3
Calculate the highest common factor of 25 and 3.
1
What is the greatest common factor of 16 and 2896?
16
What is the greatest common factor of 4008 and 30?
6
What is the highest common factor of 120 and 19560?
120
Calculate the greatest common divisor of 54 and 594.
54
Calculate the highest common factor of 17 and 731.
17
What is the highest common factor of 54 and 21006?
54
Calculate the highest common divisor of 5 and 160.
5
What is the greatest common divisor of 1694 and 224?
14
What is the highest common factor of 291 and 15?
3
What is the greatest common factor of 2743 and 39?
13
Calculate the greatest common factor of 3855 and 90.
15
Calculate the greatest common divisor of 168 and 728.
56
Calculate the greatest common factor of 168 and 696.
24
What is the greatest common factor of 77 and 693?
77
What is the highest common divisor of 1 and 12?
1
What is the greatest common factor of 51 and 14331?
51
What is the greatest common divisor of 44 and 1826?
22
Calculate the highest common factor of 3750 and 225.
75
Calculate the greatest common divisor of 6696 and 124.
124
What is the highest common divisor of 50 and 475?
25
Calculate the highest common divisor of 1050 and 1950.
150
Calculate the greatest common divisor of 522 and 54.
18
Calculate the greatest common divisor of 153 and 527.
17
Calculate the greatest common divisor of 4142 and 38.
38
Calculate the highest common factor of 931 and 392.
49
What is the highest common divisor of 150 and 990?
30
Calculate the highest common factor of 485 and 1843.
97
What is the greatest common divisor of 285 and 1596?
57
What is the highest common factor of 11 and 11?
11
What is the highest common factor of 5120 and 200?
40
Calculate the highest common divisor of 3 and 69.
3
What is the greatest common factor of 605 and 165?
55
What is the greatest common divisor of 752 and 16?
16
Calculate the highest common factor of 10 and 190.
10
What is the highest common divisor of 1825 and 200?
25
Calculate the greatest common divisor of 434 and 8370.
62
What is the highest common divisor of 1862 and 76?
38
Calculate the greatest common factor of 2016 and 63.
63
What is the greatest common divisor of 102 and 1377?
51
What is the greatest common factor of 4922 and 506?
46
What is the highest common factor of 18 a